{"id":397,"date":"2022-02-24T13:44:27","date_gmt":"2022-02-24T13:44:27","guid":{"rendered":"https:\/\/wpriverthemes.com\/tandaelem\/?page_id=397"},"modified":"2024-08-06T18:57:49","modified_gmt":"2024-08-06T16:57:49","slug":"services","status":"publish","type":"page","link":"https:\/\/it-expertis.com\/?page_id=397","title":{"rendered":"Services"},"content":{"rendered":"\t\t<div data-elementor-type=\"wp-page\" data-elementor-id=\"397\" class=\"elementor elementor-397\">\n\t\t\t\t<div class=\"elementor-element elementor-element-1c61c46 e-flex e-con-boxed e-con e-parent\" data-id=\"1c61c46\" data-element_type=\"container\" data-e-type=\"container\">\n\t\t\t\t\t<div class=\"e-con-inner\">\n\t\t\t\t<div class=\"elementor-element elementor-element-f4748d7 elementor-widget elementor-widget-spacer\" data-id=\"f4748d7\" data-element_type=\"widget\" data-e-type=\"widget\" data-widget_type=\"spacer.default\">\n\t\t\t\t<div class=\"elementor-widget-container\">\n\t\t\t\t\t\t\t<div class=\"elementor-spacer\">\n\t\t\t<div class=\"elementor-spacer-inner\"><\/div>\n\t\t<\/div>\n\t\t\t\t\t\t<\/div>\n\t\t\t\t<\/div>\n\t\t\t\t\t<\/div>\n\t\t\t\t<\/div>\n\t\t\t\t<section class=\"elementor-section elementor-top-section elementor-element elementor-element-0a230e0 elementor-section-full_width elementor-section-height-default elementor-section-height-default\" data-id=\"0a230e0\" data-element_type=\"section\" data-e-type=\"section\">\n\t\t\t\t\t\t<div class=\"elementor-container elementor-column-gap-no\">\n\t\t\t\t\t<div class=\"elementor-column elementor-col-100 elementor-top-column elementor-element elementor-element-3609ba5\" data-id=\"3609ba5\" data-element_type=\"column\" data-e-type=\"column\">\n\t\t\t<div class=\"elementor-widget-wrap elementor-element-populated\">\n\t\t\t\t\t\t<div class=\"elementor-element elementor-element-90abe75 elementor-widget elementor-widget-features2\" data-id=\"90abe75\" data-element_type=\"widget\" data-e-type=\"widget\" data-widget_type=\"features2.default\">\n\t\t\t\t<div class=\"elementor-widget-container\">\n\t\t\t\t\t\n        <!-- Star Featured Services Area\n    ============================================= -->\n    <div class=\"featured-services-area text-center default-padding-bottom bottom-less\">\n        <!-- Fixed Shape  -->\n        <div class=\"fixed-shape-left-top\">\n            <img decoding=\"async\" src=\"https:\/\/it-expertis.com\/wp-content\/uploads\/2022\/03\/7.png\" alt=\"Shape\">\n        <\/div>\n        <!-- End Fixed Shape  -->\n        <div class=\"container\">\n            <div class=\"row\">\n                <div class=\"col-lg-8 offset-lg-2\">\n                    <div class=\"site-heading text-center\">\n                        <h4>Nos Services<\/h4>\n                        <h2>Stimuler la cr\u00e9ativit\u00e9 et l&#039;innovation <br>  gr\u00e2ce \u00e0 la technologie<\/h2>\n                    <\/div>\n                <\/div>\n            <\/div>\n        <\/div>\n        <div class=\"container\">\n            <div class=\"row\">\n\n        \n                    <!-- Single Item -->\n                <div class=\"single-item col-lg-3 col-md-6\">\n                    <div class=\"item\">\n                        <i class=\"flaticon-cogwheel\"><\/i>\n                        <h5><a href=\"#\">Conseil en informatique<\/a><\/h5>\n                        <p>\n                             Nous vous aidons \u00e0 \u00e9valuer vos besoins informatiques et \u00e0 \u00e9laborer une strat\u00e9gie pour atteindre vos objectifs.                        <\/p>\n                    <\/div>\n                <\/div>\n                <!-- End Single Item -->\n\n        \n                    <!-- Single Item -->\n                <div class=\"single-item col-lg-3 col-md-6\">\n                    <div class=\"item\">\n                        <i class=\"flaticon-cloud-storage\"><\/i>\n                        <h5><a href=\"#\">Infrastructure Syst\u00e8me<\/a><\/h5>\n                        <p>\n                             Installons et configurons des syst\u00e8mes informatiques(r\u00e9seaux, serveurs, ordinateurs.)                        <\/p>\n                    <\/div>\n                <\/div>\n                <!-- End Single Item -->\n\n        \n                    <!-- Single Item -->\n                <div class=\"single-item col-lg-3 col-md-6\">\n                    <div class=\"item\">\n                        <i class=\"flaticon-globe-grid\"><\/i>\n                        <h5><a href=\"#\">Ing\u00e9nierie logicielle<\/a><\/h5>\n                        <p>\n                             Nous concevons et d\u00e9veloppons des applications personnalis\u00e9es pour r\u00e9pondre \u00e0 vos besoins sp\u00e9cifiques.                        <\/p>\n                    <\/div>\n                <\/div>\n                <!-- End Single Item -->\n\n        \n                    <!-- Single Item -->\n                <div class=\"single-item col-lg-3 col-md-6\">\n                    <div class=\"item\">\n                        <i class=\"flaticon-backup\"><\/i>\n                        <h5><a href=\"#\">Cloud Computing<\/a><\/h5>\n                        <p>\n                             Partenaire fiable,  pour aider les entreprises  \u00e0 mettre en \u0153uvre et \u00e0 g\u00e9rer efficacement leurs solutions en nuage.                        <\/p>\n                    <\/div>\n                <\/div>\n                <!-- End Single Item -->\n\n        \n         <\/div>\n        <\/div>\n    <\/div>\n    <!-- End Feature Services Area -->\n\n    \t\t\t\t<\/div>\n\t\t\t\t<\/div>\n\t\t\t\t\t<\/div>\n\t\t<\/div>\n\t\t\t\t\t<\/div>\n\t\t<\/section>\n\t\t\t\t<section class=\"elementor-section elementor-top-section elementor-element elementor-element-5f42332 elementor-section-full_width elementor-section-height-default elementor-section-height-default\" data-id=\"5f42332\" data-element_type=\"section\" data-e-type=\"section\">\n\t\t\t\t\t\t<div class=\"elementor-container elementor-column-gap-no\">\n\t\t\t\t\t<div class=\"elementor-column elementor-col-100 elementor-top-column elementor-element elementor-element-36eb106\" data-id=\"36eb106\" data-element_type=\"column\" data-e-type=\"column\">\n\t\t\t<div class=\"elementor-widget-wrap elementor-element-populated\">\n\t\t\t\t\t\t<div class=\"elementor-element elementor-element-774cc03 elementor-widget elementor-widget-why\" data-id=\"774cc03\" data-element_type=\"widget\" data-e-type=\"widget\" data-widget_type=\"why.default\">\n\t\t\t\t<div class=\"elementor-widget-container\">\n\t\t\t\t\t\n        <!-- Start Video Area \n    ============================================= -->\n    <div class=\"video-area extra-padding text-center default-padding faq-area bg-gray bg-fixed shadow dark text-light\" style=\"background-image: url(https:\/\/it-expertis.com\/wp-content\/uploads\/2023\/01\/16.jpg\">\n        <div class=\"container\">\n            <div class=\"content\">\n                <div class=\"row\">\n                    <div class=\"col-lg-8 offset-lg-2\">\n                        <h5><\/h5>\n                        <h2>Boostez votre entreprise avec nos services informatique innovants  <br> <\/h2>\n                                            <\/div>\n                <\/div>\n            <\/div>\n        <\/div>\n        <!-- Fixed Shpae Bottom -->\n        <div class=\"fixed-shape-bottom\">\n            <img decoding=\"async\" src=\"https:\/\/it-expertis.com\/wp-content\/uploads\/2022\/02\/9.png\" alt=\"Shape\">\n        <\/div>\n        <!-- Fixed Shpae Bottom -->\n    <\/div>\n    <!-- End Video Area -->\n\n    <!-- Start Why Choose Us \n    ============================================= -->\n    <div class=\"choose-us-area default-padding-bottom\">\n        <div class=\"container\">\n            <div class=\"items-box\">\n                <div class=\"row\">\n                    <!-- SIngle item-->\n                    <div class=\"single-item col-lg-6 col-mg-6\">\n                        <div class=\"item\">\n                            <div class=\"info\">\n                                <h4>Assistance \u00e0 la client\u00e8le 24\/7<\/h4>\n                                <p>\n                                   Pour en savoir plus sur nos services ou pour obtenir un devis gratuit, veuillez nous contacter d\u00e8s aujourd&#039;hui.                                 <\/p>\n                                <div class=\"call\">\n                                    <div class=\"icons\">\n                                        <i class=\"fas fa-phone\"><\/i>\n                                    <\/div>\n                                    <div class=\"info\">\n                                        <span>Ligne d&#039;assistance <\/span> +226 25 65 12 09 \/ +226 25 43 08 41                                    <\/div>\n                                <\/div>\n                            <\/div>\n                        <\/div>\n                    <\/div>\n                    <!-- End SIngle item-->\n                    <!-- SIngle item-->\n                    <div class=\"single-item col-lg-6 col-mg-6\">\n                        <div class=\"item\">\n                            <div class=\"icon\">\n                                <i class=\"fas fa-cubes\"><\/i>\n                            <\/div>\n                            <div class=\"info\">\n                                <h4>Smart solutions<\/h4>\n                                <p>\n                                    Nous sommes une \u00e9quipe d&#039;experts passionn\u00e9s par l&#039;aide aux entreprises de toutes tailles \u00e0 tirer le meilleur parti de la technologie.                                <\/p>\n                                <a href=\"\/?page_id=512\" class=\"btn-more\">Commencez maintenant <\/a>\n                            <\/div>\n                        <\/div>\n                    <\/div>\n                    <!-- End SIngle item-->\n                <\/div>\n            <\/div>\n        <\/div>\n    <\/div>\n    <!-- End Why Choose Us Area -->\n       \n\n    \t\t\t\t<\/div>\n\t\t\t\t<\/div>\n\t\t\t\t\t<\/div>\n\t\t<\/div>\n\t\t\t\t\t<\/div>\n\t\t<\/section>\n\t\t\t\t<\/div>\n\t\t","protected":false},"excerpt":{"rendered":"<p>Nos Services Stimuler la cr\u00e9ativit\u00e9 et l&#039;innovation gr\u00e2ce \u00e0 la technologie Conseil en informatique Nous vous aidons \u00e0 \u00e9valuer vos besoins informatiques et \u00e0 \u00e9laborer une strat\u00e9gie pour atteindre vos objectifs. Infrastructure Syst\u00e8me Installons et configurons des syst\u00e8mes informatiques(r\u00e9seaux, serveurs, ordinateurs.) Ing\u00e9nierie logicielle Nous concevons et d\u00e9veloppons des applications personnalis\u00e9es pour r\u00e9pondre \u00e0 vos besoins [&hellip;]<\/p>\n","protected":false},"author":1,"featured_media":1693,"parent":0,"menu_order":0,"comment_status":"closed","ping_status":"closed","template":"page-templates\/pages-image.php","meta":{"_monsterinsights_skip_tracking":false,"_monsterinsights_sitenote_active":false,"_monsterinsights_sitenote_note":"","_monsterinsights_sitenote_category":0,"footnotes":""},"class_list":["post-397","page","type-page","status-publish","has-post-thumbnail","hentry"],"aioseo_notices":[],"_links":{"self":[{"href":"https:\/\/it-expertis.com\/index.php?rest_route=\/wp\/v2\/pages\/397","targetHints":{"allow":["GET"]}}],"collection":[{"href":"https:\/\/it-expertis.com\/index.php?rest_route=\/wp\/v2\/pages"}],"about":[{"href":"https:\/\/it-expertis.com\/index.php?rest_route=\/wp\/v2\/types\/page"}],"author":[{"embeddable":true,"href":"https:\/\/it-expertis.com\/index.php?rest_route=\/wp\/v2\/users\/1"}],"replies":[{"embeddable":true,"href":"https:\/\/it-expertis.com\/index.php?rest_route=%2Fwp%2Fv2%2Fcomments&post=397"}],"version-history":[{"count":30,"href":"https:\/\/it-expertis.com\/index.php?rest_route=\/wp\/v2\/pages\/397\/revisions"}],"predecessor-version":[{"id":1941,"href":"https:\/\/it-expertis.com\/index.php?rest_route=\/wp\/v2\/pages\/397\/revisions\/1941"}],"wp:featuredmedia":[{"embeddable":true,"href":"https:\/\/it-expertis.com\/index.php?rest_route=\/wp\/v2\/media\/1693"}],"wp:attachment":[{"href":"https:\/\/it-expertis.com\/index.php?rest_route=%2Fwp%2Fv2%2Fmedia&parent=397"}],"curies":[{"name":"wp","href":"https:\/\/api.w.org\/{rel}","templated":true}]}}