{"id":432,"date":"2022-02-24T14:18:27","date_gmt":"2022-02-24T14:18:27","guid":{"rendered":"https:\/\/wpriverthemes.com\/tandaelem\/?page_id=432"},"modified":"2024-08-06T18:59:46","modified_gmt":"2024-08-06T16:59:46","slug":"solution","status":"publish","type":"page","link":"https:\/\/it-expertis.com\/?page_id=432","title":{"rendered":"Solutions"},"content":{"rendered":"\t\t<div data-elementor-type=\"wp-page\" data-elementor-id=\"432\" class=\"elementor elementor-432\">\n\t\t\t\t\t\t<section class=\"elementor-section elementor-top-section elementor-element elementor-element-3c0643b elementor-section-full_width elementor-section-height-default elementor-section-height-default\" data-id=\"3c0643b\" data-element_type=\"section\" data-e-type=\"section\">\n\t\t\t\t\t\t<div class=\"elementor-container elementor-column-gap-no\">\n\t\t\t\t\t<div class=\"elementor-column elementor-col-100 elementor-top-column elementor-element elementor-element-775fba5\" data-id=\"775fba5\" data-element_type=\"column\" data-e-type=\"column\">\n\t\t\t<div class=\"elementor-widget-wrap elementor-element-populated\">\n\t\t\t\t\t\t<div class=\"elementor-element elementor-element-4f8c540 elementor-widget elementor-widget-services\" data-id=\"4f8c540\" data-element_type=\"widget\" data-e-type=\"widget\" data-widget_type=\"services.default\">\n\t\t\t\t<div class=\"elementor-widget-container\">\n\t\t\t\t\t\n    <!-- Start Services \n    ============================================= -->\n    <div class=\"service-area default-padding bottom-less bg-cover\">\n                <div class=\"container\">\n            <div class=\"row\">\n                <div class=\"col-lg-8 offset-lg-2\">\n                    <div class=\"site-heading text-center\">\n                        <h4>Nos solutions<\/h4>\n                        <h2>D\u00e9couvrez nos solutions innovantes pour votre entreprise <\/h2>\n                    <\/div>\n                <\/div>\n            <\/div>\n        <\/div>\n                <div class=\"container\">\n            <div class=\"service-items text-center\">\n                <div class=\"row\">\n\n            \n                <!-- Single item -->\n                <div class=\"col-lg-4 col-md-6 single-item\">\n                    <div class=\"item\">\n                        <div class=\"info\">\n                            <h4>Solution CDS de StreamScan<\/h4>\n                            <i class=\"flaticon-cogwheel\"><\/i>\n                            <p>\n                                La solution CDS de StreamScan d\u00e9tecte et neutralise les menaces informatiques l, prot\u00e9geant vos donn\u00e9es sensibles gr\u00e2ce \u00e0 des algorithmes sophistiqu\u00e9s.                             <\/p>\n                                                    <\/div>\n                    <\/div>\n                <\/div>\n                <!-- End Single item -->\n\n    \n                \n                <!-- Single item -->\n                <div class=\"col-lg-4 col-md-6 single-item\">\n                    <div class=\"item\">\n                        <div class=\"info\">\n                            <h4>Solutions MDR<\/h4>\n                            <i class=\"flaticon-analysis-1\"><\/i>\n                            <p>\n                                Les solutions MDR offrent une surveillance proactive et une r\u00e9ponse rapide aux menaces, combinant des outils avanc\u00e9s et l&#039;expertise humaine pour s\u00e9curiser votre entreprise 24\/7.                            <\/p>\n                                                    <\/div>\n                    <\/div>\n                <\/div>\n                <!-- End Single item -->\n\n    \n                \n                <!-- Single item -->\n                <div class=\"col-lg-4 col-md-6 single-item\">\n                    <div class=\"item\">\n                        <div class=\"info\">\n                            <h4>Solutions de sauvegarde<\/h4>\n                            <i class=\"flaticon-reduction\"><\/i>\n                            <p>\n                                La strat\u00e9gie de sauvegarde 3-2-1-1-0 assure trois copies de donn\u00e9es, sur deux supports diff\u00e9rents, une hors site, une offline et z\u00e9ro erreur, minimisant les risques de perte.                            <\/p>\n                                                    <\/div>\n                    <\/div>\n                <\/div>\n                <!-- End Single item -->\n\n    \n                \n                <!-- Single item -->\n                <div class=\"col-lg-4 col-md-6 single-item\">\n                    <div class=\"item\">\n                        <div class=\"info\">\n                            <h4>Solutions de stockage effortless Synology<\/h4>\n                            <i class=\"flaticon-interview\"><\/i>\n                            <p>\n                                Les NAS Synology simplifient la gestion des donn\u00e9es avec synchronisation, sauvegardes automatiques, partage s\u00e9curis\u00e9 et acc\u00e8s \u00e0 distance, offrant une solution de stockage intuitive et robuste.                            <\/p>\n                                                    <\/div>\n                    <\/div>\n                <\/div>\n                <!-- End Single item -->\n\n    \n                \n            <\/div>\n            <\/div>\n        <\/div>\n    <\/div>\n    <!-- End Services Area -->\n\n\t\t\t\t<\/div>\n\t\t\t\t<\/div>\n\t\t\t\t\t<\/div>\n\t\t<\/div>\n\t\t\t\t\t<\/div>\n\t\t<\/section>\n\t\t\t\t<section class=\"elementor-section elementor-top-section elementor-element elementor-element-3544bc6 elementor-section-full_width elementor-section-height-default elementor-section-height-default\" data-id=\"3544bc6\" data-element_type=\"section\" data-e-type=\"section\">\n\t\t\t\t\t\t<div class=\"elementor-container elementor-column-gap-no\">\n\t\t\t\t\t<div class=\"elementor-column elementor-col-100 elementor-top-column elementor-element elementor-element-0ef50f9\" data-id=\"0ef50f9\" data-element_type=\"column\" data-e-type=\"column\">\n\t\t\t<div class=\"elementor-widget-wrap elementor-element-populated\">\n\t\t\t\t\t\t<div class=\"elementor-element elementor-element-cc7035e elementor-widget elementor-widget-why\" data-id=\"cc7035e\" data-element_type=\"widget\" data-e-type=\"widget\" data-widget_type=\"why.default\">\n\t\t\t\t<div class=\"elementor-widget-container\">\n\t\t\t\t\t\n        <!-- Start Video Area \n    ============================================= -->\n    <div class=\"video-area extra-padding text-center default-padding faq-area bg-gray bg-fixed shadow dark text-light\" style=\"background-image: url(https:\/\/it-expertis.com\/wp-content\/uploads\/2024\/07\/istockphoto-1415194604-612x612-1.jpg\">\n        <div class=\"container\">\n            <div class=\"content\">\n                <div class=\"row\">\n                    <div class=\"col-lg-8 offset-lg-2\">\n                        <h5><\/h5>\n                        <h2>Atteignez vos objectifs avec d\u00e9termination et strat\u00e9gie <br> <\/h2>\n                                            <\/div>\n                <\/div>\n            <\/div>\n        <\/div>\n        <!-- Fixed Shpae Bottom -->\n        <div class=\"fixed-shape-bottom\">\n            <img decoding=\"async\" src=\"https:\/\/it-expertis.com\/wp-content\/uploads\/2022\/02\/9.png\" alt=\"Shape\">\n        <\/div>\n        <!-- Fixed Shpae Bottom -->\n    <\/div>\n    <!-- End Video Area -->\n\n    <!-- Start Why Choose Us \n    ============================================= -->\n    <div class=\"choose-us-area default-padding-bottom\">\n        <div class=\"container\">\n            <div class=\"items-box\">\n                <div class=\"row\">\n                    <!-- SIngle item-->\n                    <div class=\"single-item col-lg-6 col-mg-6\">\n                        <div class=\"item\">\n                            <div class=\"info\">\n                                <h4>Assistance \u00e0 la client\u00e8le 24\/7<\/h4>\n                                <p>\n                                   Pour en savoir plus sur nos services ou pour obtenir un devis gratuit, veuillez nous contacter d\u00e8s aujourd&#039;hui.                                 <\/p>\n                                <div class=\"call\">\n                                    <div class=\"icons\">\n                                        <i class=\"fas fa-phone\"><\/i>\n                                    <\/div>\n                                    <div class=\"info\">\n                                        <span>Ligne d&#039;assistance<\/span> +226 25 65 12 09 \/ +226 25 43 08 41                                    <\/div>\n                                <\/div>\n                            <\/div>\n                        <\/div>\n                    <\/div>\n                    <!-- End SIngle item-->\n                    <!-- SIngle item-->\n                    <div class=\"single-item col-lg-6 col-mg-6\">\n                        <div class=\"item\">\n                            <div class=\"icon\">\n                                <i class=\"fas fa-cubes\"><\/i>\n                            <\/div>\n                            <div class=\"info\">\n                                <h4>Smart solutions<\/h4>\n                                <p>\n                                    Nous sommes une \u00e9quipe d&#039;experts passionn\u00e9s par l&#039;aide aux entreprises de toutes tailles \u00e0 tirer le meilleur parti de la technologie.                                <\/p>\n                                <a href=\"?page_id=512\" class=\"btn-more\">Commencez maintenant <\/a>\n                            <\/div>\n                        <\/div>\n                    <\/div>\n                    <!-- End SIngle item-->\n                <\/div>\n            <\/div>\n        <\/div>\n    <\/div>\n    <!-- End Why Choose Us Area -->\n       \n\n    \t\t\t\t<\/div>\n\t\t\t\t<\/div>\n\t\t\t\t\t<\/div>\n\t\t<\/div>\n\t\t\t\t\t<\/div>\n\t\t<\/section>\n\t\t\t\t<\/div>\n\t\t","protected":false},"excerpt":{"rendered":"<p>Nos solutions D\u00e9couvrez nos solutions innovantes pour votre entreprise Solution CDS de StreamScan La solution CDS de StreamScan d\u00e9tecte et neutralise les menaces informatiques l, prot\u00e9geant vos donn\u00e9es sensibles gr\u00e2ce \u00e0 des algorithmes sophistiqu\u00e9s. Solutions MDR Les solutions MDR offrent une surveillance proactive et une r\u00e9ponse rapide aux menaces, combinant des outils avanc\u00e9s et l&#039;expertise [&hellip;]<\/p>\n","protected":false},"author":1,"featured_media":1696,"parent":0,"menu_order":0,"comment_status":"closed","ping_status":"closed","template":"page-templates\/pages-image.php","meta":{"_monsterinsights_skip_tracking":false,"_monsterinsights_sitenote_active":false,"_monsterinsights_sitenote_note":"","_monsterinsights_sitenote_category":0,"footnotes":""},"class_list":["post-432","page","type-page","status-publish","has-post-thumbnail","hentry"],"aioseo_notices":[],"_links":{"self":[{"href":"https:\/\/it-expertis.com\/index.php?rest_route=\/wp\/v2\/pages\/432","targetHints":{"allow":["GET"]}}],"collection":[{"href":"https:\/\/it-expertis.com\/index.php?rest_route=\/wp\/v2\/pages"}],"about":[{"href":"https:\/\/it-expertis.com\/index.php?rest_route=\/wp\/v2\/types\/page"}],"author":[{"embeddable":true,"href":"https:\/\/it-expertis.com\/index.php?rest_route=\/wp\/v2\/users\/1"}],"replies":[{"embeddable":true,"href":"https:\/\/it-expertis.com\/index.php?rest_route=%2Fwp%2Fv2%2Fcomments&post=432"}],"version-history":[{"count":23,"href":"https:\/\/it-expertis.com\/index.php?rest_route=\/wp\/v2\/pages\/432\/revisions"}],"predecessor-version":[{"id":1944,"href":"https:\/\/it-expertis.com\/index.php?rest_route=\/wp\/v2\/pages\/432\/revisions\/1944"}],"wp:featuredmedia":[{"embeddable":true,"href":"https:\/\/it-expertis.com\/index.php?rest_route=\/wp\/v2\/media\/1696"}],"wp:attachment":[{"href":"https:\/\/it-expertis.com\/index.php?rest_route=%2Fwp%2Fv2%2Fmedia&parent=432"}],"curies":[{"name":"wp","href":"https:\/\/api.w.org\/{rel}","templated":true}]}}